nd 273.
91
Calculate the greatest common divisor of 6672 and 15429.
417
Calculate the greatest common divisor of 230 and 3051065.
115
Calculate the highest common factor of 2 and 50291.
1
Calculate the highest common factor of 5274 and 441.
9
Calculate the highest common factor of 5088 and 72.
24
What is the highest common factor of 1362 and 618?
6
What is the greatest common divisor of 108 and 66906?
54
Calculate the highest common factor of 1024 and 307.
1
Calculate the greatest common factor of 60047 and 403.
403
What is the highest common factor of 5402 and 96?
2
Calculate the highest common factor of 292 and 26937.
73
What is the highest common factor of 138 and 2967?
69
What is the greatest common divisor of 2808 and 1466712?
936
Calculate the highest common divisor of 4020 and 960.
60
Calculate the highest common divisor of 3714 and 2597324.
1238
What is the greatest common factor of 535 and 60241?
107
What is the highest common factor of 12 and 25881?
3
Calculate the greatest common factor of 249578 and 28.
14
What is the highest common divisor of 619775 and 65?
65
Calculate the greatest common factor of 1781185 and 35.
35
What is the highest common divisor of 17712 and 90?
18
Calculate the highest common divisor of 26 and 1070667.
13
What is the highest common factor of 74641 and 203?
7
Calculate the greatest common divisor of 1198350 and 1350.
450
Calculate the greatest common divisor of 162583 and 513.
19
Calculate the greatest common factor of 18709 and 13833.
53
What is the greatest common divisor of 1740 and 680?
20
Calculate the greatest common factor of 9562 and 30.
2
Calculate the highest common factor of 2397 and 2820.
141
What is the greatest common factor of 6380 and 2750?
110
What is the greatest common factor of 410268 and 7640?
764
What is the highest common divisor of 104958 and 4459?
343
Calculate the highest common divisor of 286 and 7513.
11
What is the greatest common divisor of 130 and 7111?
13
What is the greatest common factor of 5867257 and 19?
19
What is the greatest common factor of 4 and 13236?
4
Calculate the highest common divisor of 29491 and 1309.
77
What is the highest common divisor of 1590 and 63918?
318
What is the greatest common factor of 3669237 and 78?
39
What is the greatest common divisor of 3429 and 729?
27
What is the greatest common factor of 24168 and 2432?
152
What is the highest common factor of 132053 and 23865?
1591
What is the highest common factor of 3291184 and 52?
52
What is the greatest common factor of 260 and 47020?
20
What is the greatest common factor of 690528 and 96?
96
Calculate the greatest common divisor of 69124 and 352.
44
Calculate the greatest common factor of 34 and 62067.
17
Calculate the greatest common divisor of 2416 and 16080.
16
Calculate the greatest common factor of 96 and 88449.
3
Calculate the highest common factor of 1370 and 130.
10
What is the greatest common divisor of 577850 and 13?
13
Calculate the highest common divisor of 122032 and 41296.
464
What is the greatest common divisor of 12350 and 53950?
650
What is the highest common factor of 30 and 88845?
15
Calculate the greatest common factor of 12056 and 16.
8
What is the greatest common factor of 1952 and 6161?
61
What is the highest common factor of 51757 and 584?
73
What is the greatest common divisor of 3676491 and 871?
871
Calculate the highest common factor of 42816 and 32.
32
Calculate the greatest common factor of 4848 and 5353.
101
Calculate the highest common factor of 642118 and 58.
58
Calculate the highest common divisor of 195 and 61932.
39
Calculate the highest common divisor of 198 and 1811898.
198
What is the greatest common divisor of 1296 and 56688?
48
What is the greatest common divisor of 21082 and 2656?
166
Calculate the greatest common factor of 114257 and 221.
221
Calculate the greatest common divisor of 78 and 682136.
26
What is the highest common divisor of 5184 and 4293?
81
What is the greatest common factor of 15159 and 241077?
489
Calculate the highest common divisor of 176 and 111694.
22
What is the greatest common divisor of 101808 and 28?
28
Calculate the highest common divisor of 11998 and 98.
14
Calculate the greatest common factor of 24 and 1818288.
24
What is the highest common factor of 203093 and 111?
37
Calculate the greatest common divisor of 5629 and 325.
13
What is the greatest common divisor of 456 and 1001832?
456
Calculate the greatest common factor of 918 and 144.
18
Calculate the greatest common factor of 22464 and 1170.
234
Calculate the highest common divisor of 2030977 and 52.
13
What is the highest common divisor of 30772 and 108?
4
What is the highest common factor of 10229 and 1325?
53
What is the highest common factor of 65663 and 1079?
13
What is the highest common divisor of 73 and 1652501?
73
Calculate the highest common divisor of 816 and 526.
2
What is the highest common divisor of 159174 and 36630?
666
What is the highest common divisor of 310 and 6770?
10
Calculate the highest common divisor of 8379 and 8037.
171
Calculate the greatest common divisor of 73414 and 284.
142
Calculate the highest common factor of 377057 and 2321.
211
What is the highest common divisor of 131 and 11623237?
131
What is the highest common factor of 304549 and 6811?
973
What is the greatest common divisor of 648 and 721062?
162
What is the highest common divisor of 851 and 3515?
37
Calculate the highest common factor of 41789 and 393.
131
What is the highest common divisor of 24 and 4152?
24
What is the highest common divisor of 73445 and 370?
185
Calculate the highest common factor of 1504 and 20192.
32
Calculate the greatest common divisor of 342 and 48456.
18
What is the highest common divisor of 5012 and 59428?
716
What is the highest common divisor of 60 and 361435?
5
Calculate the greatest common factor of 38 and 3327394.
38
What is the highest common factor of 356362 and 61?
61
Calculate the greatest common divisor of 35 and 11851.
7
Calculate the highest common factor of 178 and 22517.
89
Calculate the highest common factor of 1521 and 28392.
507
What is the highest common divisor of 264 and 9021540?
132
Calculate the greatest common divisor of 11093860 and 20.
20
Calculate the highest common factor of 85 and 98005.
85
What is the highest common factor of 64 and 2670688?
32
Calculate the highest common divisor of 13663 and 2067.
13
Calculate the greatest common divisor of 2308446 and 186.
186
What is the highest common divisor of 33 and 39028?
11
Calculate the highest common divisor of 8850 and 3300.
150
Calculate the greatest common factor of 716 and 105610.
358
What is the greatest common divisor of 288 and 208?
16
Calculate the greatest common divisor of 333515 and 182.
91
What is the highest common divisor of 2100 and 11725?
175
What is the highest common factor of 3734784 and 9?
9
What is the highest common factor of 19906 and 370?
74
Calculate the highest common divisor of 7533 and 702801.
279
Calculate the greatest common factor of 37 and 1627889.
37
What is the greatest common divisor of 186026 and 2726?
94
What is the greatest common divisor of 1261 and 13192?
97
Calculate the greatest common factor of 49244 and 208.
52
What is the highest common factor of 90 and 872220?
30
What is the highest common factor of 4672 and 42778?
146
What is the highest common factor of 16716 and 276?
12
Calculate the greatest common factor of 92313 and 729.
27
What is the greatest common divisor of 3438 and 117?
9
Calculate the highest common divisor of 762 and 84836.
254
Calculate the highest common factor of 247118 and 942.
314
Calculate the highest common divisor of 568 and 6152.
8
Calculate the greatest common factor of 61809 and 132.
33
What is the highest common divisor of 11 and 1212431?
11
What is the greatest common divisor of 48 and 642?
6
What is the highest common factor of 4410 and 15680?
490
Calculate the highest common divisor of 655 and 17947.
131
What is the greatest common factor of 190 and 218215?
95
What is the highest common factor of 100347 and 1767?
93
What is the highest common divisor of 47894 and 42?
14
Calculate the greatest common factor of 799058 and 26.
26
Calculate the greatest common factor of 1547 and 113424.
17
What is the highest